{"id":13,"date":"2019-01-23T19:18:24","date_gmt":"2019-01-23T19:18:24","guid":{"rendered":"http:\/\/www.q-print.cz\/?page_id=13"},"modified":"2022-09-20T11:46:19","modified_gmt":"2022-09-20T11:46:19","slug":"tisk-2","status":"publish","type":"page","link":"https:\/\/www.q-print.cz\/index.php\/tisk-2\/","title":{"rendered":"Tisk"},"content":{"rendered":"<p>St\u00e1le v\u00edce z\u00e1kazn\u00edk\u016f v&nbsp;r\u00e1mci \u00faspor sni\u017euje n\u00e1klad barevn\u00fdch tiskovin. Dne\u0161n\u00ed modern\u00ed technologie <em>digit\u00e1ln\u00edho tisku<\/em> dok\u00e1\u017ee kvalitou konkurovat klasick\u00e9mu ofsetu a&nbsp;z\u00e1rove\u0148 zachovat v\u00fdhody malon\u00e1kladov\u00e9 v\u00fdroby, tj.&nbsp;tisknout mal\u00e9 mno\u017estv\u00ed v\u00fdtisk\u016f (p\u0159\u00edpadn\u011b i\u00a0pouze jedin\u00fd) p\u0159i&nbsp;nezvy\u0161ov\u00e1n\u00ed n\u00e1klad\u016f na p\u0159\u00edpravu tisku. Digit\u00e1ln\u00ed tisk d\u00e1le umo\u017e\u0148uje modifikovat jednotliv\u00e9 v\u00fdtisky kus od kusu (nap\u0159.&nbsp;tisk pozv\u00e1nek pro konkr\u00e9tn\u00edho hosta, vkl\u00e1d\u00e1n\u00ed \u010d\u00edsel, \u010d\u00e1rov\u00fdch a&nbsp;QR k\u00f3d\u016f na ti\u0161t\u011bn\u00e9 materi\u00e1ly apod.).<\/p>\n<p><img loading=\"lazy\" decoding=\"async\" class=\"size-medium wp-image-155 aligncenter\" src=\"http:\/\/www.q-print.cz\/wp-content\/uploads\/2019\/01\/cmyk-300x184.jpg\" alt=\"\" width=\"300\" height=\"184\" srcset=\"https:\/\/www.q-print.cz\/wp-content\/uploads\/2019\/01\/cmyk-300x184.jpg 300w, https:\/\/www.q-print.cz\/wp-content\/uploads\/2019\/01\/cmyk.jpg 624w\" sizes=\"auto, (max-width: 300px) 100vw, 300px\" \/><\/p>\n<p>Pou\u017e\u00edv\u00e1m barevn\u00fd <em>digit\u00e1ln\u00ed stroj<\/em> Xerox se v\u0161emi v\u00fd\u0161e uveden\u00fdmi v\u00fdhodami. Maxim\u00e1ln\u00ed rozm\u011br tisku je 320 \u00d7 450 mm (resp. 1&nbsp;200 mm), gram\u00e1\u017e pap\u00edru v&nbsp;rozmez\u00ed 80\u2013350 g\/m<sup>2<\/sup>. Pou\u017e\u00edvan\u00e9 materi\u00e1ly jsou pap\u00edry, samolepky, plastov\u00e9 f\u00f3lie, magnetick\u00fd pap\u00edr atd.<\/p>\n<p>Ve spolupr\u00e1ci s&nbsp;klasickou ofsetovou tisk\u00e1rnou vol\u00edm nejlep\u0161\u00ed variantu tisku \u2013 bu\u010f digit\u00e1ln\u00ed tisk nebo ofsetov\u00fd.<\/p>\n<p><em>Dal\u0161\u00ed zpracov\u00e1n\u00ed tiskovin<\/em> je samoz\u0159ejmost\u00ed \u2013 \u0159ez\u00e1n\u00ed, skl\u00e1d\u00e1n\u00ed, lepen\u00ed, balen\u00ed do f\u00f3lie apod. se prov\u00e1d\u00ed v&nbsp;knih\u00e1rn\u011b zku\u0161en\u00fdmi pracovn\u00edky.<\/p>\n","protected":false},"excerpt":{"rendered":"<p>St\u00e1le v\u00edce z\u00e1kazn\u00edk\u016f v&nbsp;r\u00e1mci \u00faspor sni\u017euje n\u00e1klad barevn\u00fdch tiskovin. Dne\u0161n\u00ed modern\u00ed technologie digit\u00e1ln\u00edho tisku dok\u00e1\u017ee kvalitou konkurovat klasick\u00e9mu ofsetu a&nbsp;z\u00e1rove\u0148 zachovat v\u00fdhody malon\u00e1kladov\u00e9 v\u00fdroby, tj.&nbsp;tisknout mal\u00e9 mno\u017estv\u00ed v\u00fdtisk\u016f (p\u0159\u00edpadn\u011b i\u00a0pouze jedin\u00fd) p\u0159i&nbsp;nezvy\u0161ov\u00e1n\u00ed n\u00e1klad\u016f na p\u0159\u00edpravu tisku. Digit\u00e1ln\u00ed tisk d\u00e1le umo\u017e\u0148uje<\/p>\n","protected":false},"author":1,"featured_media":0,"parent":0,"menu_order":0,"comment_status":"closed","ping_status":"closed","template":"","meta":{"footnotes":""},"class_list":["post-13","page","type-page","status-publish","hentry"],"yoast_head":"<!-- This site is optimized with the Yoast SEO plugin v24.6 - https:\/\/yoast.com\/wordpress\/plugins\/seo\/ -->\n<title>Tisk - Q-print<\/title>\n<meta name=\"description\" content=\"Q-print.cz \u2013 TISK, digit\u00e1ln\u00ed tisk\" \/>\n<meta name=\"robots\" content=\"index, follow, max-snippet:-1, max-image-preview:large, max-video-preview:-1\" \/>\n<link rel=\"canonical\" href=\"http:\/\/www.q-print.cz\/index.php\/tisk-2\/\" \/>\n<meta property=\"og:locale\" content=\"cs_CZ\" \/>\n<meta property=\"og:type\" content=\"article\" \/>\n<meta property=\"og:title\" content=\"Tisk - Q-print\" \/>\n<meta property=\"og:description\" content=\"Q-print.cz \u2013 TISK, digit\u00e1ln\u00ed tisk\" \/>\n<meta property=\"og:url\" content=\"http:\/\/www.q-print.cz\/index.php\/tisk-2\/\" \/>\n<meta property=\"og:site_name\" content=\"Q-print\" \/>\n<meta property=\"article:publisher\" content=\"http:\/\/www.facebook.com\/q.print.melnik\" \/>\n<meta property=\"article:modified_time\" content=\"2022-09-20T11:46:19+00:00\" \/>\n<meta property=\"og:image\" content=\"http:\/\/www.q-print.cz\/wp-content\/uploads\/2019\/01\/cmyk-300x184.jpg\" \/>\n<meta name=\"twitter:card\" content=\"summary_large_image\" \/>\n<meta name=\"twitter:label1\" content=\"Odhadovan\u00e1 doba \u010dten\u00ed\" \/>\n\t<meta name=\"twitter:data1\" content=\"1 minuta\" \/>\n<script type=\"application\/ld+json\" class=\"yoast-schema-graph\">{\"@context\":\"https:\/\/schema.org\",\"@graph\":[{\"@type\":\"WebPage\",\"@id\":\"http:\/\/www.q-print.cz\/index.php\/tisk-2\/\",\"url\":\"http:\/\/www.q-print.cz\/index.php\/tisk-2\/\",\"name\":\"Tisk - Q-print\",\"isPartOf\":{\"@id\":\"http:\/\/www.q-print.cz\/#website\"},\"primaryImageOfPage\":{\"@id\":\"http:\/\/www.q-print.cz\/index.php\/tisk-2\/#primaryimage\"},\"image\":{\"@id\":\"http:\/\/www.q-print.cz\/index.php\/tisk-2\/#primaryimage\"},\"thumbnailUrl\":\"http:\/\/www.q-print.cz\/wp-content\/uploads\/2019\/01\/cmyk-300x184.jpg\",\"datePublished\":\"2019-01-23T19:18:24+00:00\",\"dateModified\":\"2022-09-20T11:46:19+00:00\",\"description\":\"Q-print.cz \u2013 TISK, digit\u00e1ln\u00ed tisk\",\"breadcrumb\":{\"@id\":\"http:\/\/www.q-print.cz\/index.php\/tisk-2\/#breadcrumb\"},\"inLanguage\":\"cs\",\"potentialAction\":[{\"@type\":\"ReadAction\",\"target\":[\"http:\/\/www.q-print.cz\/index.php\/tisk-2\/\"]}]},{\"@type\":\"ImageObject\",\"inLanguage\":\"cs\",\"@id\":\"http:\/\/www.q-print.cz\/index.php\/tisk-2\/#primaryimage\",\"url\":\"https:\/\/www.q-print.cz\/wp-content\/uploads\/2019\/01\/cmyk.jpg\",\"contentUrl\":\"https:\/\/www.q-print.cz\/wp-content\/uploads\/2019\/01\/cmyk.jpg\",\"width\":624,\"height\":383},{\"@type\":\"BreadcrumbList\",\"@id\":\"http:\/\/www.q-print.cz\/index.php\/tisk-2\/#breadcrumb\",\"itemListElement\":[{\"@type\":\"ListItem\",\"position\":1,\"name\":\"Dom\u016f\",\"item\":\"http:\/\/www.q-print.cz\/\"},{\"@type\":\"ListItem\",\"position\":2,\"name\":\"Tisk\"}]},{\"@type\":\"WebSite\",\"@id\":\"http:\/\/www.q-print.cz\/#website\",\"url\":\"http:\/\/www.q-print.cz\/\",\"name\":\"Q-print\",\"description\":\"Barevn\u00fd digit\u00e1ln\u00ed tisk a DTP\",\"publisher\":{\"@id\":\"http:\/\/www.q-print.cz\/#organization\"},\"potentialAction\":[{\"@type\":\"SearchAction\",\"target\":{\"@type\":\"EntryPoint\",\"urlTemplate\":\"http:\/\/www.q-print.cz\/?s={search_term_string}\"},\"query-input\":{\"@type\":\"PropertyValueSpecification\",\"valueRequired\":true,\"valueName\":\"search_term_string\"}}],\"inLanguage\":\"cs\"},{\"@type\":\"Organization\",\"@id\":\"http:\/\/www.q-print.cz\/#organization\",\"name\":\"Q-print, Jan \u0160\u00edstek\",\"url\":\"http:\/\/www.q-print.cz\/\",\"logo\":{\"@type\":\"ImageObject\",\"inLanguage\":\"cs\",\"@id\":\"http:\/\/www.q-print.cz\/#\/schema\/logo\/image\/\",\"url\":\"http:\/\/www.q-print.cz\/wp-content\/uploads\/2019\/01\/Q-print-mal\u00e9.jpg\",\"contentUrl\":\"http:\/\/www.q-print.cz\/wp-content\/uploads\/2019\/01\/Q-print-mal\u00e9.jpg\",\"width\":180,\"height\":180,\"caption\":\"Q-print, Jan \u0160\u00edstek\"},\"image\":{\"@id\":\"http:\/\/www.q-print.cz\/#\/schema\/logo\/image\/\"},\"sameAs\":[\"http:\/\/www.facebook.com\/q.print.melnik\"]}]}<\/script>\n<!-- \/ Yoast SEO plugin. -->","yoast_head_json":{"title":"Tisk - Q-print","description":"Q-print.cz \u2013 TISK, digit\u00e1ln\u00ed tisk","robots":{"index":"index","follow":"follow","max-snippet":"max-snippet:-1","max-image-preview":"max-image-preview:large","max-video-preview":"max-video-preview:-1"},"canonical":"http:\/\/www.q-print.cz\/index.php\/tisk-2\/","og_locale":"cs_CZ","og_type":"article","og_title":"Tisk - Q-print","og_description":"Q-print.cz \u2013 TISK, digit\u00e1ln\u00ed tisk","og_url":"http:\/\/www.q-print.cz\/index.php\/tisk-2\/","og_site_name":"Q-print","article_publisher":"http:\/\/www.facebook.com\/q.print.melnik","article_modified_time":"2022-09-20T11:46:19+00:00","og_image":[{"url":"http:\/\/www.q-print.cz\/wp-content\/uploads\/2019\/01\/cmyk-300x184.jpg","type":"","width":"","height":""}],"twitter_card":"summary_large_image","twitter_misc":{"Odhadovan\u00e1 doba \u010dten\u00ed":"1 minuta"},"schema":{"@context":"https:\/\/schema.org","@graph":[{"@type":"WebPage","@id":"http:\/\/www.q-print.cz\/index.php\/tisk-2\/","url":"http:\/\/www.q-print.cz\/index.php\/tisk-2\/","name":"Tisk - Q-print","isPartOf":{"@id":"http:\/\/www.q-print.cz\/#website"},"primaryImageOfPage":{"@id":"http:\/\/www.q-print.cz\/index.php\/tisk-2\/#primaryimage"},"image":{"@id":"http:\/\/www.q-print.cz\/index.php\/tisk-2\/#primaryimage"},"thumbnailUrl":"http:\/\/www.q-print.cz\/wp-content\/uploads\/2019\/01\/cmyk-300x184.jpg","datePublished":"2019-01-23T19:18:24+00:00","dateModified":"2022-09-20T11:46:19+00:00","description":"Q-print.cz \u2013 TISK, digit\u00e1ln\u00ed tisk","breadcrumb":{"@id":"http:\/\/www.q-print.cz\/index.php\/tisk-2\/#breadcrumb"},"inLanguage":"cs","potentialAction":[{"@type":"ReadAction","target":["http:\/\/www.q-print.cz\/index.php\/tisk-2\/"]}]},{"@type":"ImageObject","inLanguage":"cs","@id":"http:\/\/www.q-print.cz\/index.php\/tisk-2\/#primaryimage","url":"https:\/\/www.q-print.cz\/wp-content\/uploads\/2019\/01\/cmyk.jpg","contentUrl":"https:\/\/www.q-print.cz\/wp-content\/uploads\/2019\/01\/cmyk.jpg","width":624,"height":383},{"@type":"BreadcrumbList","@id":"http:\/\/www.q-print.cz\/index.php\/tisk-2\/#breadcrumb","itemListElement":[{"@type":"ListItem","position":1,"name":"Dom\u016f","item":"http:\/\/www.q-print.cz\/"},{"@type":"ListItem","position":2,"name":"Tisk"}]},{"@type":"WebSite","@id":"http:\/\/www.q-print.cz\/#website","url":"http:\/\/www.q-print.cz\/","name":"Q-print","description":"Barevn\u00fd digit\u00e1ln\u00ed tisk a DTP","publisher":{"@id":"http:\/\/www.q-print.cz\/#organization"},"potentialAction":[{"@type":"SearchAction","target":{"@type":"EntryPoint","urlTemplate":"http:\/\/www.q-print.cz\/?s={search_term_string}"},"query-input":{"@type":"PropertyValueSpecification","valueRequired":true,"valueName":"search_term_string"}}],"inLanguage":"cs"},{"@type":"Organization","@id":"http:\/\/www.q-print.cz\/#organization","name":"Q-print, Jan \u0160\u00edstek","url":"http:\/\/www.q-print.cz\/","logo":{"@type":"ImageObject","inLanguage":"cs","@id":"http:\/\/www.q-print.cz\/#\/schema\/logo\/image\/","url":"http:\/\/www.q-print.cz\/wp-content\/uploads\/2019\/01\/Q-print-mal\u00e9.jpg","contentUrl":"http:\/\/www.q-print.cz\/wp-content\/uploads\/2019\/01\/Q-print-mal\u00e9.jpg","width":180,"height":180,"caption":"Q-print, Jan \u0160\u00edstek"},"image":{"@id":"http:\/\/www.q-print.cz\/#\/schema\/logo\/image\/"},"sameAs":["http:\/\/www.facebook.com\/q.print.melnik"]}]}},"_links":{"self":[{"href":"https:\/\/www.q-print.cz\/index.php\/wp-json\/wp\/v2\/pages\/13","targetHints":{"allow":["GET"]}}],"collection":[{"href":"https:\/\/www.q-print.cz\/index.php\/wp-json\/wp\/v2\/pages"}],"about":[{"href":"https:\/\/www.q-print.cz\/index.php\/wp-json\/wp\/v2\/types\/page"}],"author":[{"embeddable":true,"href":"https:\/\/www.q-print.cz\/index.php\/wp-json\/wp\/v2\/users\/1"}],"replies":[{"embeddable":true,"href":"https:\/\/www.q-print.cz\/index.php\/wp-json\/wp\/v2\/comments?post=13"}],"version-history":[{"count":6,"href":"https:\/\/www.q-print.cz\/index.php\/wp-json\/wp\/v2\/pages\/13\/revisions"}],"predecessor-version":[{"id":156,"href":"https:\/\/www.q-print.cz\/index.php\/wp-json\/wp\/v2\/pages\/13\/revisions\/156"}],"wp:attachment":[{"href":"https:\/\/www.q-print.cz\/index.php\/wp-json\/wp\/v2\/media?parent=13"}],"curies":[{"name":"wp","href":"https:\/\/api.w.org\/{rel}","templated":true}]}}